16
Suppose 11 = j - 4*a, -j - 25 = -a - 36. Let w(o) = -o**3 + 10*o**2 + 13*o - 7. Determine w(j).
15
Let b(w) = -3*w - 7. Let v(z) = -z - 1. Let q(t) = -t - 2. Let j(r) = 3*q(r) + 2*v(r). Let d(s) = -4*b(s) + 3*j(s). Calculate d(-1).
7
Let d(u) = -2*u**2 + 18*u - 20. Let h be d(8). Let o(f) = f**2 + 5*f + 1. Let j(i) = i**2 + 6*i + 2. Let s(v) = h*o(v) + 3*j(v). What is s(-3)?
-1
Let f(c) = 61*c + 8*c**2 + 48 - 2*c**2 + 2. Suppose 387 = 58*a - 251. Let u(q) = q**2 + 12*q + 10. Let k(p) = a*u(p) - 2*f(p). Calculate k(11).
-1
Let v(o) = 13*o - 16. Let p(q) = 11*q - 19. Let k(g) = 32*g - 58. Let c(r) = -3*k(r) + 10*p(r). Let y(i) = 4*c(i) - 5*v(i). Give y(2).
-2
Suppose 6*y - 752 = 2*y. Let n = -128 + y. Let p = n + -64. Let k(s) = -2*s. What is k(p)?
8
Let p(r) be the first derivative of -r**4/4 + r**3 - 2*r + 1. Let o = -195 - -418. Let t = -225 + o. What is p(t)?
18
Suppose 10*d = 29 - 39. Let p(f) = -11*f**2 - 7*f + 3. Let s(l) = 2*l**2 + l - 1. Let k(g) = d*p(g) - 6*s(g). What is k(-4)?
-17
Let n(k) = -8*k**3. Let c = -237 + 246. Let a be -4*((-37)/(-4) - c). Determine n(a).
8
Let y(j) be the third derivative of 1/30*j**5 + 2/3*j**3 - 5*j**2 + 0 + j + 1/12*j**4. What is y(-3)?
16
Let m(w) = 9*w + 3. Let l = 372 + -368. Suppose 24 = -3*f + 3*r, 13 = l*f + 4*r + 5. Determine m(f).
-24
Let n(u) be the first derivative of 4*u**2 - 4*u - 1/3*u**3 - 5. Suppose 2*r = -3*x + 16, -3*r - 4*x + 2*x + 24 = 0. Calculate n(r).
-4
Suppose -146 = 4*a - 546. Suppose 4*i - 4*s = a, 2*i + 0*i = -2*s + 66. Let h(l) = 2*l**3 + 28*l - 2*l**2 - i*l + 3*l**2. Determine h(1).
2
Let n = -22889 + 22885. Let r(i) = 40*i + 166. Determine r(n).
6
Let f = 217 + 7. Let n = -231 + f. Let b(m) be the first derivative of -m**3/3 - 5*m**2/2 + 5*m - 2. Calculate b(n).
-9
Let t = 556 - 533. Suppose -t*x + 144 = -39*x. Let i(k) = k**2 + 11*k + 13. Determine i(x).
-5
Let u = -81 + 80. Let g(x) = x**2 + 3*x - 1. Let v(q) = 6*q**2 + 17*q - 13. Let w(c) = u*v(c) + 5*g(c). What is w(-4)?
0
Let j(v) = -v**3 + 4*v**2 + 2*v - 4. Let t be j(4). Let y(h) be the third derivative of 0*h - h**3 + 1/8*h**4 - 21*h**2 + 2. Determine y(t).
6
Let k(y) be the second derivative of 47*y**5/20 + y**4/6 - y**3/6 - y**2 + 3582*y. Give k(-1).
-46
Let l(d) = d + 2. Suppose 8*m - 3*m - 30 = 0. Suppose -m*g + 4*g = -18. Give l(g).
11
Let a(d) = -d**2 - 5*d + 1. Let t(g) = -g**3 + 4*g**2 - 4*g + 4. Let x be t(3). Suppose x = -3*r - 17. Let o = -12 - r. Give a(o).
-5
Let h(u) = 5*u**3 + 13*u**2 + 2*u + 6. Let z(v) = -v**3 - v**2 + v - 1. Let i be 11/2 - 9/(-18). Let f(g) = i*z(g) + h(g). Let a = -16 - -24. What is f(a)?
0
Suppose 21*x = 26*x - 5. Let a(s) = 1 + s + 19*s**2 + 2*s**2 + 5*s**2. Let k(c) = -77*c**2 - 4*c - 3. Let f(h) = 7*a(h) + 2*k(h). Calculate f(x).
28
Let u(b) = 4*b - b + 1364 - 1358. Suppose -14 = 3*q + 25. Let c = 8 + q. Calculate u(c).
-9
Let p(w) be the third derivative of 1 - 11/60*w**5 + 7/12*w**4 + 177*w**2 + 11/3*w**3 + 0*w - 1/120*w**6. Calculate p(-12).
-2
Let h(t) = -23*t**3 + 6*t**2 + 11*t + 10. Let c(a) = 73*a**3 - 18*a**2 - 33*a - 30. Let w(p) = -6*c(p) - 19*h(p). Determine w(-4).
2
Let x(u) be the second derivative of u**4/6 + 2*u**3/3 - 57*u**2/2 - 5430*u. Determine x(5).
13
Let x(a) = -25*a**3 - 21*a**2 + 16*a - 8. Let d(k) = -12*k**3 - 10*k**2 + 7*k - 4. Let o(m) = -13*d(m) + 6*x(m). Give o(-2).
-38
Let s(l) be the first derivative of -l**6/20 - l**2 - 2. Let g(o) be the second derivative of s(o). Let c be 22/3 - 6 - (-4)/(-12). What is g(c)?
-6
Let h = 75343 - 75339. Let y(t) = 5*t - t + 1 - 6 - 3*t. Calculate y(h).
-1
Suppose 14*v - 3*d + 2 = 16*v, 5*v + 2*d = -17. Let j(q) = 5*q + 17. Determine j(v).
-8
Suppose g - 41*d + 46*d - 15 = 0, -2*d = -5*g + 21. Let b(v) be the third derivative of -v**5/60 + v**4/4 - 2*v**3/3 - 18*v**2. Determine b(g).
1
Let v(a) = -5*a + 5. Suppose -70 = 70*d - 13 - 267. Give v(d).
-10
Let z = -3179 + 2270. Let i = z - -902. Let s(b) = b**3 + 8*b**2 + 8*b + 8. Calculate s(i).
1
Suppose 0 = 4*f + 12 + 4, -20 = -2*w + 5*f. Let y(n) = 10*n + 190*n**2 - 11*n - 3 - 91*n**2 - 97*n**2. Determine y(w).
-3
Let v(g) = 13*g**2 - 3*g + 2. Let d(t) = 24*t**2 - 4*t - 1. Let l(r) = -6*d(r) + 11*v(r). Calculate l(-10).
18
Let o(m) = 5*m + m + 2*m. Suppose -2*s + 216*c - 213*c = -19, -c - 6 = -s. Give o(s).
-8
Suppose 0 = c + z + 13, -2*z + 17 + 22 = -3*c. Let y(k) = 334218 - 334209 - 5*k**2 - k**3 - 7*k**2 + 14*k. Give y(c).
-4
Let b(j) be the first derivative of 5*j**3/3 + 11*j**2 - 11*j + 1836. Calculate b(-5).
4
Let g = -173 - -290. Suppose -113*t + 32 = -g*t. Let z(x) = x**2 + 9*x - 2. Give z(t).
-10
Let b(d) be the third derivative of d**6/120 - 7*d**5/60 - d**3/6 - 7*d**2 - 2*d + 295. Suppose 5*o = 3*o + 4. Let f be (9 - o)*(0 + 1). What is b(f)?
-1
Let v(y) = y**2 - 6*y + 1. Let d(z) = z**2 - 7*z + 16. Let u be (84/8)/(-3)*2. Let f(b) = -b**2 - 6*b + 10. Let o be f(u). Let n be d(o). What is v(n)?
-7
Let r(w) = -195*w + 15013. Let m be r(77). Let g(b) = -2*b**3 - b + 4. Calculate g(m).
22
Let g be (-120)/84 - (-805)/49. Let y(s) = 3*s - 25. Give y(g).
20
Let b(n) = 12*n**2 + 2*n + 1. Let i(x) = -x**2 - 14*x - 29. Let q be i(-7). Suppose 7*k + 12 = 3*k + 2*j, -5*j + q = 0. Calculate b(k).
11
Let d(p) = p + 10. Let z(w) = -7*w**2 - 7*w - 8. Let g be z(-3). Let v be (-5)/g*6 - (-53)/(-5). Give d(v).
0
Let y be (1 + -2)/(13/65). Suppose -2*g + 0*g + 4*x = -62, -4*x = -5*g + 131. Let f(q) = -35 + 18 + g - q**2 - 4*q. Give f(y).
1
Let n = 1241 - 1238. Let y(f) = -f**2 + 5*f - 4. What is y(n)?
2
Suppose -11*s + 10 = -6*s. Let p(o) = 0*o - 3 + 2*o**2 + 0*o + o + s*o. Let r = -26 + 23. Determine p(r).
6
Let z be (-216)/(-33) - 42/77. Let s(m) be the first derivative of -1/3*m**3 - 22 + z*m - m**2. Determine s(-6).
-18
Let a = 50 - 47. Suppose n + a = 7. Let g(q) = -n + 2 + 3*q + 4 + 0*q. Calculate g(-4).
-10
Let y = -43 - -47. Let t(g) be the second derivative of g**4/24 - 7*g**3/6 - 10*g**2 - 17*g. Let n(w) be the first derivative of t(w). Give n(y).
-3
Let m(j) = 12*j + 26. Let d be m(-2). Let y(o) = -3*o - 3*o + 3*o**2 + 0*o + 4*o**d + 0*o - o**3. Calculate y(6).
0
Let y(a) = -5*a**3 + 23*a**2 + 3*a - 44. Let i(q) = 26*q**3 - 113*q**2 - 15*q + 226. Let f(v) = -2*i(v) - 11*y(v). Give f(9).
5
Let f(u) = u**3 - 15*u**2 - 2. Let z be ((-12900)/(-6880))/(3/12 - 2/16). Calculate f(z).
-2
Let t(u) = -u**2 - 3*u + 4. Let f = 24 + -44. Let x(l) = 7*l - 24. Let o(w) = 23*w - 74. Let c(v) = 4*o(v) - 13*x(v). Let h be c(f). Calculate t(h).
0
Suppose 0 = h + 1, 5*k + 3*h = 2*k + 138. Let p = -45 + k. Let c(x) = -x**3 + x**2. Let w(t) = 4*t**3 - 5*t**2. Let g(s) = -3*c(s) - w(s). Calculate g(p).
0
Let b(v) = 2*v + 14 + 2*v - 16 - 2*v. Let m(g) = -2 + 0*g - 3*g + 4. Let f(a) = -3*b(a) - 4*m(a). Calculate f(2).
10
Let d(n) = 5*n - 5*n + n + 3*n**2 + 0 - 3 - n**3. Suppose 0 = 15*t - 7*t - 24. What is d(t)?
0
Let o(q) = 9*q**3 + 32*q**2 - 55*q + 7. Let x(c) = 14*c**3 + 48*c**2 - 84*c + 10. Let i(w) = 11*o(w) - 7*x(w). What is i(-17)?
7
Let k be (0 + 20/(-30))*(-18)/4. Suppose -2*s = k*w - 8*w + 16, 2*w = 4*s + 16. Let n(z) = z**2 - z - 4. What is n(s)?
8
Let j be (-62)/(-5) + 12/30*-1. Let h be (-9)/((-27)/j) - -3. Let l(k) = 2*k - 9. Calculate l(h).
5
Let n(s) = -4 - 3 + 8*s**3 + 6 - 2*s. Suppose 6*c - 1104 = -6*c. Let i be (23/c)/((-2)/8). What is n(i)?
-7
Let o(m) = 109 - 95 - 28 + m. Suppose -5*j + 4 = -11, -6 = 4*u - 2*j. What is o(u)?
-14
Let z(s) = -4*s + 2. Let n(o) = -4*o + 1. Let h(k) = -2*n(k) + 3*z(k). Suppose 3*j + 6 = 5*j. What is h(j)?
-8
Let k(v) be the third derivative of 19*v**4/12 - 2*v**3/3 - 378*v**2 + 1. Determine k(-2).
-80
Let l be (-1048)/58 + 34/493. Let i be (-6 + 3)/l - 142/(-12). Let u(h) = h**3 - 13*h**2 + 14*h - 25. Determine u(i).
-1
Let l = 10 + -14. Let a(o) be the second derivative of 2/3*o**3 + 1/2*o**2 - 43*o + 0. Calculate a(l).
-15
Let i(s) = 12*s + 257. Let h be i(-22). Let n(p) be the third derivative of p**5/60 + 7*p**4/24 + 7*p**3/6 + 22*p**2. Determine n(h).
7
Let g(n) be the third derivative of -7*n**4/24 + n**3/2 + 2618*n**2. What is g(3)?
-18
Let r(h) = 10*h - 15. Let o(f) = -3*f**2 + 6*f + 1. Let g be o(-1). Give r(g).
-95
Suppose 8*k + 27*k - 61 = -26*k. Let x(g) = -79*g**3 + 2*g**2 + g - 2. Calculate x(k).
-78
Let n(j) = 4